{"version":"1.0","provider_name":"Agencja Marketingowa AFMedia","provider_url":"https:\/\/www.afmedia.pl\/en\/","author_name":"Anna D\u0119bska","author_url":"https:\/\/www.afmedia.pl\/en\/blog\/author\/anna\/","title":"Coraz biedniej w Kuchennych Rewolucjach","type":"rich","width":600,"height":338,"html":"<blockquote class=\"wp-embedded-content\" data-secret=\"Ztw193UdTO\"><a href=\"https:\/\/www.afmedia.pl\/en\/blog\/coraz-biedniej-w-kuchennych-rewolucjach\/\">Coraz biedniej w Kuchennych Rewolucjach<\/a><\/blockquote><iframe sandbox=\"allow-scripts\" security=\"restricted\" src=\"https:\/\/www.afmedia.pl\/en\/blog\/coraz-biedniej-w-kuchennych-rewolucjach\/embed\/#?secret=Ztw193UdTO\" width=\"600\" height=\"338\" title=\"&#8220;Coraz biedniej w Kuchennych Rewolucjach&#8221; &#8212; Agencja Marketingowa AFMedia\" data-secret=\"Ztw193UdTO\" frameborder=\"0\" marginwidth=\"0\" marginheight=\"0\" scrolling=\"no\" class=\"wp-embedded-content\"><\/iframe><script type=\"text\/javascript\">\n\/* <![CDATA[ *\/\n\/*! This file is auto-generated *\/\n!function(d,l){\"use strict\";l.querySelector&&d.addEventListener&&\"undefined\"!=typeof URL&&(d.wp=d.wp||{},d.wp.receiveEmbedMessage||(d.wp.receiveEmbedMessage=function(e){var t=e.data;if((t||t.secret||t.message||t.value)&&!\/[^a-zA-Z0-9]\/.test(t.secret)){for(var s,r,n,a=l.querySelectorAll('iframe[data-secret=\"'+t.secret+'\"]'),o=l.querySelectorAll('blockquote[data-secret=\"'+t.secret+'\"]'),c=new RegExp(\"^https?:$\",\"i\"),i=0;i<o.length;i++)o[i].style.display=\"none\";for(i=0;i<a.length;i++)s=a[i],e.source===s.contentWindow&&(s.removeAttribute(\"style\"),\"height\"===t.message?(1e3<(r=parseInt(t.value,10))?r=1e3:~~r<200&&(r=200),s.height=r):\"link\"===t.message&&(r=new URL(s.getAttribute(\"src\")),n=new URL(t.value),c.test(n.protocol))&&n.host===r.host&&l.activeElement===s&&(d.top.location.href=t.value))}},d.addEventListener(\"message\",d.wp.receiveEmbedMessage,!1),l.addEventListener(\"DOMContentLoaded\",function(){for(var e,t,s=l.querySelectorAll(\"iframe.wp-embedded-content\"),r=0;r<s.length;r++)(t=(e=s[r]).getAttribute(\"data-secret\"))||(t=Math.random().toString(36).substring(2,12),e.src+=\"#?secret=\"+t,e.setAttribute(\"data-secret\",t)),e.contentWindow.postMessage({message:\"ready\",secret:t},\"*\")},!1)))}(window,document);\n\/\/# sourceURL=https:\/\/www.afmedia.pl\/attached\/js\/wp-embed.min.js\n\/* ]]> *\/\n<\/script>\n","thumbnail_url":"https:\/\/www.afmedia.pl\/media\/2019\/03\/257717.jpg","thumbnail_width":2048,"thumbnail_height":1365,"description":"W\u0142a\u015bnie rozpocz\u0105\u0142 si\u0119 19-ty sezon Kuchennych Rewolucji &#8211; programu, kt\u00f3rego celem jest pomoc restauratorom w ci\u0119\u017ckich chwilach. Mo\u017cna ten program kocha\u0107, mo\u017cna nienawidzi\u0107 &#8211; ilo\u015b\u0107 odcink\u00f3w i odwiedzonych restauracji przez Magd\u0119 Gessler \u015bwiadczy o jego popularno\u015bci, a tym samym zaznaczonej ju\u017c pozycji na program\u00f3w rozrywkowych..."}

Anna Dębska

Właśnie rozpoczął się 19-ty sezon Kuchennych Rewolucji &#8211; programu, którego celem jest pomoc restauratorom w ciężkich chwilach. Można ten program kochać, można nienawidzić &#8211; ilość odcinków i odwiedzonych restauracji przez Magdę Gessler świadczy o jego popularności, a tym samym zaznaczonej już pozycji na programów rozrywkowych...
