{"version":"1.0","provider_name":"Agencja Marketingowa AFMedia","provider_url":"https:\/\/www.afmedia.pl\/en\/","author_name":"Anna D\u0119bska","author_url":"https:\/\/www.afmedia.pl\/en\/blog\/author\/anna\/","title":"Targi \u015bniadaniowe - na co liczymy, gdy nadejdzie wiosna?","type":"rich","width":600,"height":338,"html":"<blockquote class=\"wp-embedded-content\" data-secret=\"duQ3wsXK8k\"><a href=\"https:\/\/www.afmedia.pl\/en\/blog\/targi-sniadaniowe-na-co-liczymy-gdy-nadejdzie-wiosna\/\">Targi \u015bniadaniowe &#8211; na co liczymy, gdy nadejdzie wiosna?<\/a><\/blockquote><iframe sandbox=\"allow-scripts\" security=\"restricted\" src=\"https:\/\/www.afmedia.pl\/en\/blog\/targi-sniadaniowe-na-co-liczymy-gdy-nadejdzie-wiosna\/embed\/#?secret=duQ3wsXK8k\" width=\"600\" height=\"338\" title=\"&#8220;Targi \u015bniadaniowe &#8211; na co liczymy, gdy nadejdzie wiosna?&#8221; &#8212; Agencja Marketingowa AFMedia\" data-secret=\"duQ3wsXK8k\" frameborder=\"0\" marginwidth=\"0\" marginheight=\"0\" scrolling=\"no\" class=\"wp-embedded-content\"><\/iframe><script type=\"text\/javascript\">\n\/* <![CDATA[ *\/\n\/*! This file is auto-generated *\/\n!function(d,l){\"use strict\";l.querySelector&&d.addEventListener&&\"undefined\"!=typeof URL&&(d.wp=d.wp||{},d.wp.receiveEmbedMessage||(d.wp.receiveEmbedMessage=function(e){var t=e.data;if((t||t.secret||t.message||t.value)&&!\/[^a-zA-Z0-9]\/.test(t.secret)){for(var s,r,n,a=l.querySelectorAll('iframe[data-secret=\"'+t.secret+'\"]'),o=l.querySelectorAll('blockquote[data-secret=\"'+t.secret+'\"]'),c=new RegExp(\"^https?:$\",\"i\"),i=0;i<o.length;i++)o[i].style.display=\"none\";for(i=0;i<a.length;i++)s=a[i],e.source===s.contentWindow&&(s.removeAttribute(\"style\"),\"height\"===t.message?(1e3<(r=parseInt(t.value,10))?r=1e3:~~r<200&&(r=200),s.height=r):\"link\"===t.message&&(r=new URL(s.getAttribute(\"src\")),n=new URL(t.value),c.test(n.protocol))&&n.host===r.host&&l.activeElement===s&&(d.top.location.href=t.value))}},d.addEventListener(\"message\",d.wp.receiveEmbedMessage,!1),l.addEventListener(\"DOMContentLoaded\",function(){for(var e,t,s=l.querySelectorAll(\"iframe.wp-embedded-content\"),r=0;r<s.length;r++)(t=(e=s[r]).getAttribute(\"data-secret\"))||(t=Math.random().toString(36).substring(2,12),e.src+=\"#?secret=\"+t,e.setAttribute(\"data-secret\",t)),e.contentWindow.postMessage({message:\"ready\",secret:t},\"*\")},!1)))}(window,document);\n\/\/# sourceURL=https:\/\/www.afmedia.pl\/attached\/js\/wp-embed.min.js\n\/* ]]> *\/\n<\/script>\n","thumbnail_url":"https:\/\/www.afmedia.pl\/media\/2019\/01\/kobieta-zadowolony-wybieraj\u0105c-zielony-i-czerwony-papryka-w-supermarkecie-zakupy-kobieta-wybieraj\u0105c-bio-\u017cywno\u015bci-papryki-papryka-owocow-w-rynku-zielony_1391-573.jpg","thumbnail_width":626,"thumbnail_height":415,"description":"Cho\u0107 do targ\u00f3w \u015bniadaniowych zd\u0105\u017cyli\u015bmy si\u0119 ju\u017c przyzwyczai\u0107, z ka\u017cd\u0105 wiosn\u0105 i pierwszymi ciep\u0142ymi dniami, czekamy na nowe wydarzenia i spotkania kulinarne, kt\u00f3re ch\u0119tnie odwiedzamy z rodzinami w weekendy. Niestety cz\u0119\u015b\u0107 tego typu imprez okaza\u0142a si\u0119 nie spe\u0142nia\u0107 oczekiwa\u0144 go\u015bci, kt\u00f3rzy je odwiedzali. Kiedy\u015b sz\u0142o..."}

Anna Dębska

Targi śniadaniowe - na co liczymy, gdy nadejdzie wiosna?

<blockquote class="wp-embedded-content" data-secret="duQ3wsXK8k"><a href="https://www.afmedia.pl/en/blog/targi-sniadaniowe-na-co-liczymy-gdy-nadejdzie-wiosna/">Targi śniadaniowe &#8211; na co liczymy, gdy nadejdzie wiosna?</a></blockquote><iframe sandbox="allow-scripts" security="restricted" src="https://www.afmedia.pl/en/blog/targi-sniadaniowe-na-co-liczymy-gdy-nadejdzie-wiosna/embed/#?secret=duQ3wsXK8k" width="600" height="338" title="&#8220;Targi śniadaniowe &#8211; na co liczymy, gdy nadejdzie wiosna?&#8221; &#8212; Agencja Marketingowa AFMedia" data-secret="duQ3wsXK8k" frameborder="0" marginwidth="0" marginheight="0" scrolling="no" class="wp-embedded-content"></iframe><script type="text/javascript">
/* <![CDATA[ */
/*! This file is auto-generated */
!function(d,l){"use strict";l.querySelector&&d.addEventListener&&"undefined"!=typeof URL&&(d.wp=d.wp||{},d.wp.receiveEmbedMessage||(d.wp.receiveEmbedMessage=function(e){var t=e.data;if((t||t.secret||t.message||t.value)&&!/[^a-zA-Z0-9]/.test(t.secret)){for(var s,r,n,a=l.querySelectorAll('iframe[data-secret="'+t.secret+'"]'),o=l.querySelectorAll('blockquote[data-secret="'+t.secret+'"]'),c=new RegExp("^https?:$","i"),i=0;i<o.length;i++)o[i].style.display="none";for(i=0;i<a.length;i++)s=a[i],e.source===s.contentWindow&&(s.removeAttribute("style"),"height"===t.message?(1e3<(r=parseInt(t.value,10))?r=1e3:~~r<200&&(r=200),s.height=r):"link"===t.message&&(r=new URL(s.getAttribute("src")),n=new URL(t.value),c.test(n.protocol))&&n.host===r.host&&l.activeElement===s&&(d.top.location.href=t.value))}},d.addEventListener("message",d.wp.receiveEmbedMessage,!1),l.addEventListener("DOMContentLoaded",function(){for(var e,t,s=l.querySelectorAll("iframe.wp-embedded-content"),r=0;r<s.length;r++)(t=(e=s[r]).getAttribute("data-secret"))||(t=Math.random().toString(36).substring(2,12),e.src+="#?secret="+t,e.setAttribute("data-secret",t)),e.contentWindow.postMessage({message:"ready",secret:t},"*")},!1)))}(window,document);
//# sourceURL=https://www.afmedia.pl/attached/js/wp-embed.min.js
/* ]]> */
</script>

https://www.afmedia.pl/media/2019/01/kobieta-zadowolony-wybierając-zielony-i-czerwony-papryka-w-supermarkecie-zakupy-kobieta-wybierając-bio-żywności-papryki-papryka-owocow-w-rynku-zielony_1391-573.jpg

Choć do targów śniadaniowych zdążyliśmy się już przyzwyczaić, z każdą wiosną i pierwszymi ciepłymi dniami, czekamy na nowe wydarzenia i spotkania kulinarne, które chętnie odwiedzamy z rodzinami w weekendy. Niestety część tego typu imprez okazała się nie spełniać oczekiwań gości, którzy je odwiedzali. Kiedyś szło...
